{"id":374,"date":"2025-10-22T08:57:36","date_gmt":"2025-10-22T08:57:36","guid":{"rendered":"https:\/\/talentooculto.org\/cat\/?page_id=374"},"modified":"2025-11-27T16:40:06","modified_gmt":"2025-11-27T16:40:06","slug":"maite-esteve-entrevista","status":"publish","type":"page","link":"https:\/\/talentooculto.org\/cat\/maite-esteve-entrevista\/","title":{"rendered":"Maite Esteve entrevista"},"content":{"rendered":"<p>[et_pb_section fb_built=&#8221;1&#8243; admin_label=&#8221;Header &#038; Video&#8221; _builder_version=&#8221;4.27.4&#8243; _module_preset=&#8221;991cad8a-0ec0-4260-a226-8e2e24cf5031&#8243; background_color=&#8221;#B63412&#8243; use_background_color_gradient=&#8221;on&#8221; background_color_gradient_stops=&#8221;#b63412 57%|#0a0a0a 78%&#8221; custom_margin=&#8221;||||false|false&#8221; custom_padding=&#8221;|||0px||&#8221; locked=&#8221;off&#8221; collapsed=&#8221;on&#8221; global_colors_info=&#8221;{%22gcid-1f1bf5fb-a99d-4acc-8d9e-ddac074c158c%22:%91%22background_color_gradient_stops%22,%22background_color_gradient_stops%22,%22background_color_gradient_stops%22,%22background_color_gradient_stops%22,%22background_color_gradient_stops%22,%22background_color_gradient_stops%22,%22background_color_gradient_stops%22,%22background_color_gradient_stops%22,%22background_color_gradient_stops%22,%22background_color_gradient_stops%22%93,%22gcid-a78660e1-cfc7-4771-a566-6834d6a7f06a%22:%91%22background_color_gradient_stops%22,%22background_color_gradient_stops%22,%22background_color_gradient_stops%22,%22background_color_gradient_stops%22,%22background_color_gradient_stops%22,%22background_color_gradient_stops%22,%22background_color_gradient_stops%22,%22background_color_gradient_stops%22,%22background_color_gradient_stops%22,%22background_color_gradient_stops%22%93,%22gcid-24b0db87-dafa-47d9-995f-b90181e18c52%22:%91%22background_color_gradient_stops%22,%22background_color_gradient_stops%22,%22background_color_gradient_stops%22,%22background_color_gradient_stops%22,%22background_color_gradient_stops%22,%22background_color_gradient_stops%22,%22background_color_gradient_stops%22,%22background_color_gradient_stops%22,%22background_color_gradient_stops%22,%22background_color_gradient_stops%22%93}&#8221;][et_pb_row column_structure=&#8221;1_2,1_2&#8243; _builder_version=&#8221;4.27.4&#8243; _module_preset=&#8221;default&#8221; custom_margin=&#8221;-17px|auto||auto|false|false&#8221; custom_margin_tablet=&#8221;-17px|auto||auto|false|false&#8221; custom_margin_phone=&#8221;-10px|auto||auto|false|false&#8221; custom_margin_last_edited=&#8221;on|desktop&#8221; custom_padding=&#8221;0px||||false|false&#8221; global_colors_info=&#8221;{}&#8221;][et_pb_column type=&#8221;1_2&#8243; _builder_version=&#8221;4.25.1&#8243; _module_preset=&#8221;default&#8221; global_colors_info=&#8221;{}&#8221;][et_pb_image src=&#8221;https:\/\/talentooculto.org\/cat\/wp-content\/uploads\/sites\/4\/2025\/10\/Maite-Esteve.png&#8221; title_text=&#8221;Maite Esteve&#8221; align=&#8221;center&#8221; _builder_version=&#8221;4.27.4&#8243; _module_preset=&#8221;default&#8221; height=&#8221;400px&#8221; custom_margin=&#8221;||||false|false&#8221; custom_margin_tablet=&#8221;||||false|false&#8221; custom_margin_phone=&#8221;-6px||||false|false&#8221; custom_margin_last_edited=&#8221;on|phone&#8221; border_radii=&#8221;on|30px|30px|30px|30px&#8221; global_colors_info=&#8221;{}&#8221;][\/et_pb_image][\/et_pb_column][et_pb_column type=&#8221;1_2&#8243; _builder_version=&#8221;4.25.1&#8243; _module_preset=&#8221;default&#8221; global_colors_info=&#8221;{}&#8221;][et_pb_text _builder_version=&#8221;4.27.4&#8243; _module_preset=&#8221;default&#8221; header_3_font=&#8221;Inter||||||||&#8221; header_3_text_align=&#8221;center&#8221; header_3_font_size=&#8221;32px&#8221; custom_margin=&#8221;150px||||false|false&#8221; custom_margin_tablet=&#8221;150px||||false|false&#8221; custom_margin_phone=&#8221;0px||||false|false&#8221; custom_margin_last_edited=&#8221;on|phone&#8221; global_colors_info=&#8221;{}&#8221;]<\/p>\n<h3 class=\"p1\" style=\"text-align: center;\"><strong><span style=\"color: #ffffff;\">Maite Esteve<\/span><\/strong><\/h3>\n<p>[\/et_pb_text][et_pb_text _builder_version=&#8221;4.27.4&#8243; _module_preset=&#8221;default&#8221; header_3_font=&#8221;Inter||||||||&#8221; header_3_text_align=&#8221;center&#8221; header_3_font_size=&#8221;32px&#8221; custom_margin=&#8221;29px||||false|false&#8221; custom_margin_tablet=&#8221;150px||||false|false&#8221; custom_margin_phone=&#8221;0px||||false|false&#8221; custom_margin_last_edited=&#8221;on|phone&#8221; global_colors_info=&#8221;{}&#8221;]<\/p>\n<h3 class=\"p1\" style=\"text-align: center;\"><span style=\"color: #ffffff;\">&#8220;A per m\u00e9s i millor&#8221;<\/span><\/h3>\n<p>[\/et_pb_text][\/et_pb_column][\/et_pb_row][et_pb_row _builder_version=&#8221;4.27.4&#8243; _module_preset=&#8221;default&#8221; width_tablet=&#8221;&#8221; width_phone=&#8221;90%&#8221; width_last_edited=&#8221;on|phone&#8221; global_colors_info=&#8221;{}&#8221;][et_pb_column type=&#8221;4_4&#8243; _builder_version=&#8221;4.25.1&#8243; _module_preset=&#8221;default&#8221; global_colors_info=&#8221;{}&#8221;][et_pb_text _builder_version=&#8221;4.27.4&#8243; _module_preset=&#8221;55f8d517-4382-4b22-962a-6779a3742dd7&#8243; text_line_height=&#8221;1.4em&#8221; header_line_height=&#8221;0.5em&#8221; header_5_font=&#8221;Inter||||||||&#8221; width=&#8221;100%&#8221; custom_margin=&#8221;|-17px||1px||&#8221; custom_margin_tablet=&#8221;|-17px||1px||&#8221; custom_margin_phone=&#8221;||||false|false&#8221; custom_margin_last_edited=&#8221;on|phone&#8221; custom_padding=&#8221;|0px|||false|false&#8221; global_colors_info=&#8221;{}&#8221;]La Maite t\u00e9 una veu suau, tendra i, al mateix temps, una determinaci\u00f3 que no deixa lloc a dubtes. \u00c9s divertida, enginyosa, i quan es proposa alguna cosa \u2014perqu\u00e8 ho fa sovint\u2014, ho fa pensant en els altres. Mai en ella. Per aix\u00f2, treballa incansablement, pica portes, mou muntanyes, fa l&#8217;impensable&#8230; i, a m\u00e9s, amb gr\u00e0cia. Perqu\u00e8 la Maite t\u00e9 aquella energia que t&#8217;arrossega, que et fa voler acompanyar-la, perqu\u00e8 saps que el que est\u00e0 fent t\u00e9 sentit, que canviar\u00e0 vides, i que tu tamb\u00e9 en sortir\u00e0s transformat pel cam\u00ed. Es dedica a projectes que milloren el m\u00f3n, tot i que mai ho dir\u00e0 aix\u00ed. Ho far\u00e0 amb un somriure, amb humilitat i amb persones al seu costat que s\u00f3n, abans de tot, bones. Perqu\u00e8 la Maite no s&#8217;envolta nom\u00e9s de cracks, sin\u00f3 de c\u00f2mplices de l&#8217;\u00e0nima. I treballa, treballa molt, perqu\u00e8 quan el prop\u00f2sit \u00e9s tan gran, no hi ha murs, nom\u00e9s camins que encara cal obrir. Enamorada de l&#8217;art, de la cultura i del talent, els fa brillar a cada pas que fa. Com ella.<\/p>\n<h5><strong>1. Com et defineixes quan ning\u00fa et mira?<\/strong><\/h5>\n<p>Treballadora, sincera, emp\u00e0tica, afectuosa, autoexigent i apassionada.<\/p>\n<h5><strong>2. Quan penses en el teu talent, en all\u00f2 que aportes m\u00e9s enll\u00e0 del rol, en el que et fa \u00fanic\/a, qu\u00e8 diries que \u00e9s?<\/strong><\/h5>\n<p>El tracte a la persona, m&#8217;interessa sempre saber com se sent i qu\u00e8 necessita la gent que tinc a prop.<\/p>\n<h5><strong>3. Quins valors regeixen la teva vida i com es manifesten en el teu dia a dia?<\/strong><\/h5>\n<p>Rigor, disciplina i lliurament forgen i alimenten la meva manera de ser i fer. Busco l&#8217;excel\u00b7l\u00e8ncia perqu\u00e8 de fer una cosa b\u00e9 a fer-la molt b\u00e9 hi ha un esfor\u00e7 petit per\u00f2 un resultat molt diferent. Soc una lluitadora nata i aix\u00f2 ho utilitzo en la meva feina di\u00e0ria i ho aplico en l&#8217;educaci\u00f3 dels meus fills que s\u00f3n el m\u00e9s important que tinc i a all\u00f2 a qu\u00e8 em lliuro.<\/p>\n<h5><strong>4. Qu\u00e8 busques en el que fas, professionalment o personalment?<\/strong><\/h5>\n<p>Personalment ho tinc clar: aprendre! Cada dia i de cada persona que conec. A nivell professional millorar el que pugui i en la mesura que pugui la vida de les persones. Sempre intento que la meva feina tingui un sentit, que col\u00b7labori a aportar un impacte positiu a la nostra societat. Aix\u00f2 \u00e9s el que em motiva i a all\u00f2 a qu\u00e8 m&#8217;agrada dedicar tota la meva energia. Els reptes!<\/p>\n<h5><strong>5. Qu\u00e8 t&#8217;enamora, et mou, t&#8217;emociona?<\/strong><\/h5>\n<p>La intel\u00b7lig\u00e8ncia, el talent, la just\u00edcia i la bondat.<\/p>\n<h5><strong>6. Qu\u00e8 detestes profundament?<\/strong><\/h5>\n<p>La hipocresia.<\/p>\n<div id=\"attachment_509\" style=\"width: 204px\" class=\"wp-caption alignright\"><img loading=\"lazy\" decoding=\"async\" aria-describedby=\"caption-attachment-509\" src=\"https:\/\/talentooculto.org\/cat\/wp-content\/uploads\/sites\/4\/2025\/10\/IMG_2754-40anysx4causes-194x300.jpeg\" width=\"194\" height=\"300\" alt=\"\" class=\"wp-image-509 size-medium\" \/><p id=\"caption-attachment-509\" class=\"wp-caption-text\">Screenshot<\/p><\/div>\n<h5><strong>7. Qu\u00e8 passa quan et veuen de veritat?<\/strong><\/h5>\n<p>Soc el que es veu. Transparent. No faig veure. O agrado incondicionalment o no agrado. Per\u00f2 no amago res.<\/p>\n<h5><strong>8. En quin tipus de decisions t&#8217;agrada ser?<\/strong><\/h5>\n<p>En totes per\u00f2 especialment en les dif\u00edcils que necessiten arguments i ser contrastades per ser acceptades.<\/p>\n<h5><strong>9. Quina mena de converses creus que falten a les empreses avui?<\/strong><\/h5>\n<p>Dep\u00e8n de l&#8217;empresa per\u00f2 sempre les que concerneixen les persones i el seu benestar.<\/p>\n<h5><strong>10. Qu\u00e8 \u00e9s alguna cosa valuosa que vas aprendre d&#8217;un frac\u00e0s?<\/strong><\/h5>\n<p>Que quan alguna cosa acaba, fa mal, per\u00f2 que pot portar-te a una altra etapa que fins i tot pot ser molt millor a l&#8217;anterior.<br \/>\nI que la mediocritat \u00e9s la major enemiga del talent.<\/p>\n<h5>11. Com saps que has aportat valor en un projecte o en una relaci\u00f3 professional?<strong><br \/>\n<\/strong><\/h5>\n<p>Quan la meva aportaci\u00f3 aconsegueix el benepl\u00e0cit i motivaci\u00f3 de totes les persones implicades i millora el projecte\/servei\/relaci\u00f3.<\/p>\n<h5><strong>12. Si haguessis de triar una frase famosa que et representi, quina seria?<\/strong><\/h5>\n<p>&#8220;La inspiraci\u00f3 existeix, per\u00f2 t&#8217;ha de trobar treballant.&#8221; De Picasso<\/p>\n<h5><strong>13. Qu\u00e8 t&#8217;agradaria explorar o construir en aquesta etapa de la teva vida?<\/strong><\/h5>\n<p>El que sigui que contribueixi a fer que la gent estigui millor i visqui en pau amb si mateixa.<\/p>\n<h5><strong>14. Si poguessis escriure una frase que alg\u00fa record\u00e9s de tu d&#8217;aqu\u00ed a 10 anys, quina seria?<\/strong><\/h5>\n<p>Amb la qual signo molts dels meus e-mails: &#8220;A per m\u00e9s i millor&#8221;[\/et_pb_text][et_pb_button button_url=&#8221;https:\/\/www.linkedin.com\/in\/maiteesteve\/&#8221; button_text=&#8221;PERFIL DE LINKEDIN&#8221; _builder_version=&#8221;4.27.4&#8243; _module_preset=&#8221;default&#8221; custom_button=&#8221;on&#8221; button_text_color=&#8221;#FFFFFF&#8221; button_border_radius=&#8221;30px&#8221; button_font=&#8221;Inter|||on|||||&#8221; button_use_icon=&#8221;off&#8221; global_colors_info=&#8221;{}&#8221;][\/et_pb_button][et_pb_text _builder_version=&#8221;4.27.4&#8243; _module_preset=&#8221;default&#8221; hover_enabled=&#8221;0&#8243; global_colors_info=&#8221;{}&#8221; sticky_enabled=&#8221;0&#8243;]<\/p>\n<p><a href=\"https:\/\/www.fundaciocatalunyacultura.cat\/\"><span style=\"color: #ffffff;\">Fundaci\u00f3 Catalunya Cultura<\/span><\/a><\/p>\n<p>[\/et_pb_text][et_pb_text _builder_version=&#8221;4.27.4&#8243; _module_preset=&#8221;default&#8221; hover_enabled=&#8221;0&#8243; global_colors_info=&#8221;{}&#8221; sticky_enabled=&#8221;0&#8243;]<\/p>\n<p><span style=\"color: #ffffff;\"><strong>Impacte | Creativitat | Executora | Directora Fundacions<\/strong><\/span><\/p>\n<p>[\/et_pb_text][\/et_pb_column][\/et_pb_row][\/et_pb_section]<\/p>\n","protected":false},"excerpt":{"rendered":"<p>Maite Esteve&#8221;A per m\u00e9s i millor&#8221;La Maite t\u00e9 una veu suau, tendra i, al mateix temps, una determinaci\u00f3 que no deixa lloc a dubtes. \u00c9s divertida, enginyosa, i quan es proposa alguna cosa \u2014perqu\u00e8 ho fa sovint\u2014, ho fa pensant en els altres. Mai en ella. Per aix\u00f2, treballa incansablement, pica portes, mou muntanyes, fa [&hellip;]<\/p>\n","protected":false},"author":2,"featured_media":0,"parent":0,"menu_order":0,"comment_status":"closed","ping_status":"closed","template":"","meta":{"_et_pb_use_builder":"on","_et_pb_old_content":"","_et_gb_content_width":"","footnotes":""},"class_list":["post-374","page","type-page","status-publish","hentry"],"_links":{"self":[{"href":"https:\/\/talentooculto.org\/cat\/wp-json\/wp\/v2\/pages\/374","targetHints":{"allow":["GET"]}}],"collection":[{"href":"https:\/\/talentooculto.org\/cat\/wp-json\/wp\/v2\/pages"}],"about":[{"href":"https:\/\/talentooculto.org\/cat\/wp-json\/wp\/v2\/types\/page"}],"author":[{"embeddable":true,"href":"https:\/\/talentooculto.org\/cat\/wp-json\/wp\/v2\/users\/2"}],"replies":[{"embeddable":true,"href":"https:\/\/talentooculto.org\/cat\/wp-json\/wp\/v2\/comments?post=374"}],"version-history":[{"count":10,"href":"https:\/\/talentooculto.org\/cat\/wp-json\/wp\/v2\/pages\/374\/revisions"}],"predecessor-version":[{"id":550,"href":"https:\/\/talentooculto.org\/cat\/wp-json\/wp\/v2\/pages\/374\/revisions\/550"}],"wp:attachment":[{"href":"https:\/\/talentooculto.org\/cat\/wp-json\/wp\/v2\/media?parent=374"}],"curies":[{"name":"wp","href":"https:\/\/api.w.org\/{rel}","templated":true}]}}