{"id":380,"date":"2025-10-22T08:46:51","date_gmt":"2025-10-22T08:46:51","guid":{"rendered":"https:\/\/talentooculto.org\/cat\/?page_id=380"},"modified":"2025-11-27T16:49:27","modified_gmt":"2025-11-27T16:49:27","slug":"dunia-rosello-entrevista","status":"publish","type":"page","link":"https:\/\/talentooculto.org\/cat\/dunia-rosello-entrevista\/","title":{"rendered":"Dunia Rosell\u00f3 Entrevista"},"content":{"rendered":"<p>[et_pb_section fb_built=&#8221;1&#8243; admin_label=&#8221;Header &#038; Video&#8221; _builder_version=&#8221;4.27.4&#8243; _module_preset=&#8221;991cad8a-0ec0-4260-a226-8e2e24cf5031&#8243; background_color=&#8221;#B63412&#8243; use_background_color_gradient=&#8221;on&#8221; background_color_gradient_stops=&#8221;#b63412 57%|#0a0a0a 78%&#8221; custom_margin=&#8221;||||false|false&#8221; custom_padding=&#8221;|||0px||&#8221; locked=&#8221;off&#8221; collapsed=&#8221;on&#8221; global_colors_info=&#8221;{%22gcid-1f1bf5fb-a99d-4acc-8d9e-ddac074c158c%22:%91%22background_color_gradient_stops%22,%22background_color_gradient_stops%22,%22background_color_gradient_stops%22,%22background_color_gradient_stops%22,%22background_color_gradient_stops%22,%22background_color_gradient_stops%22,%22background_color_gradient_stops%22,%22background_color_gradient_stops%22,%22background_color_gradient_stops%22,%22background_color_gradient_stops%22%93,%22gcid-a78660e1-cfc7-4771-a566-6834d6a7f06a%22:%91%22background_color_gradient_stops%22,%22background_color_gradient_stops%22,%22background_color_gradient_stops%22,%22background_color_gradient_stops%22,%22background_color_gradient_stops%22,%22background_color_gradient_stops%22,%22background_color_gradient_stops%22,%22background_color_gradient_stops%22,%22background_color_gradient_stops%22,%22background_color_gradient_stops%22%93,%22gcid-24b0db87-dafa-47d9-995f-b90181e18c52%22:%91%22background_color_gradient_stops%22,%22background_color_gradient_stops%22,%22background_color_gradient_stops%22,%22background_color_gradient_stops%22,%22background_color_gradient_stops%22,%22background_color_gradient_stops%22,%22background_color_gradient_stops%22,%22background_color_gradient_stops%22,%22background_color_gradient_stops%22,%22background_color_gradient_stops%22%93}&#8221;][et_pb_row column_structure=&#8221;1_2,1_2&#8243; _builder_version=&#8221;4.27.4&#8243; _module_preset=&#8221;default&#8221; custom_margin=&#8221;-17px|auto||auto|false|false&#8221; custom_margin_tablet=&#8221;-17px|auto||auto|false|false&#8221; custom_margin_phone=&#8221;-10px|auto||auto|false|false&#8221; custom_margin_last_edited=&#8221;on|desktop&#8221; custom_padding=&#8221;0px||||false|false&#8221; global_colors_info=&#8221;{}&#8221;][et_pb_column type=&#8221;1_2&#8243; _builder_version=&#8221;4.25.1&#8243; _module_preset=&#8221;default&#8221; global_colors_info=&#8221;{}&#8221;][et_pb_image src=&#8221;https:\/\/talentooculto.org\/cat\/wp-content\/uploads\/sites\/4\/2025\/10\/Dunia-Rosello.png&#8221; title_text=&#8221;Dunia Rosello&#8221; align=&#8221;center&#8221; _builder_version=&#8221;4.27.4&#8243; _module_preset=&#8221;default&#8221; height=&#8221;400px&#8221; custom_margin=&#8221;||||false|false&#8221; custom_margin_tablet=&#8221;||||false|false&#8221; custom_margin_phone=&#8221;-6px||||false|false&#8221; custom_margin_last_edited=&#8221;on|phone&#8221; border_radii=&#8221;on|30px|30px|30px|30px&#8221; global_colors_info=&#8221;{}&#8221;][\/et_pb_image][\/et_pb_column][et_pb_column type=&#8221;1_2&#8243; _builder_version=&#8221;4.25.1&#8243; _module_preset=&#8221;default&#8221; global_colors_info=&#8221;{}&#8221;][et_pb_text _builder_version=&#8221;4.27.4&#8243; _module_preset=&#8221;default&#8221; header_3_font=&#8221;Inter||||||||&#8221; header_3_text_align=&#8221;center&#8221; header_3_font_size=&#8221;32px&#8221; custom_margin=&#8221;150px||||false|false&#8221; custom_margin_tablet=&#8221;150px||||false|false&#8221; custom_margin_phone=&#8221;0px||||false|false&#8221; custom_margin_last_edited=&#8221;on|phone&#8221; global_colors_info=&#8221;{}&#8221;]<\/p>\n<h3 class=\"p1\" style=\"text-align: center;\"><strong><span style=\"color: #ffffff;\">Dunia Rosell\u00f3<\/span><\/strong><\/h3>\n<p>[\/et_pb_text][et_pb_text _builder_version=&#8221;4.27.4&#8243; _module_preset=&#8221;default&#8221; header_3_font=&#8221;Inter||||||||&#8221; header_3_text_align=&#8221;center&#8221; header_3_font_size=&#8221;32px&#8221; custom_margin=&#8221;25px||||false|false&#8221; custom_margin_tablet=&#8221;150px||||false|false&#8221; custom_margin_phone=&#8221;0px||||false|false&#8221; custom_margin_last_edited=&#8221;on|phone&#8221; global_colors_info=&#8221;{}&#8221;]<\/p>\n<h3 class=\"p1\" style=\"text-align: center;\"><span style=\"color: #ffffff;\">&#8220;Sempre va estar on<\/span><\/h3>\n<h3 class=\"p1\" style=\"text-align: center;\"><span style=\"color: #ffffff;\"> i quan la vaig necessitar\u201d.<\/span><\/h3>\n<p>[\/et_pb_text][\/et_pb_column][\/et_pb_row][et_pb_row _builder_version=&#8221;4.27.4&#8243; _module_preset=&#8221;default&#8221; width_tablet=&#8221;&#8221; width_phone=&#8221;90%&#8221; width_last_edited=&#8221;on|phone&#8221; global_colors_info=&#8221;{}&#8221;][et_pb_column type=&#8221;4_4&#8243; _builder_version=&#8221;4.25.1&#8243; _module_preset=&#8221;default&#8221; global_colors_info=&#8221;{}&#8221;][et_pb_text _builder_version=&#8221;4.27.4&#8243; _module_preset=&#8221;55f8d517-4382-4b22-962a-6779a3742dd7&#8243; text_line_height=&#8221;1.4em&#8221; header_font=&#8221;Inter||||||||&#8221; header_line_height=&#8221;0.5em&#8221; header_2_font=&#8221;Inter||||||||&#8221; header_3_font=&#8221;Inter||||||||&#8221; header_4_font=&#8221;Inter||||||||&#8221; header_5_font=&#8221;Inter||||||||&#8221; width=&#8221;100%&#8221; custom_margin=&#8221;|-17px||1px||&#8221; custom_margin_tablet=&#8221;|-17px||1px||&#8221; custom_margin_phone=&#8221;||||false|false&#8221; custom_margin_last_edited=&#8221;on|phone&#8221; custom_padding=&#8221;|0px|||false|false&#8221;]Amb la Dunia t&#8217;enamores des del primer moment. T\u00e9 aquella calidesa que ho embolcalla tot i una manera natural de fer que tot flueixi, de fer que tot sigui m\u00e9s f\u00e0cil. Ajudar \u00e9s al seu ADN, i ho porta a cada rac\u00f3 de la seva vida: a la seva feina, a les seves relacions, a cada gest quotidi\u00e0. Sempre troba temps \u2014i la manera\u2014 d&#8217;estar per als altres, i ho fa amb professionalitat, \u00e8tica i una sensibilitat especial. La Dunia \u00e9s integradora, d&#8217;equip, de fer que totes les persones se sentin part i se sentin b\u00e9. Per\u00f2 no et confonguis: la seva amabilitat no est\u00e0 renyida amb l&#8217;excel\u00b7l\u00e8ncia. Per a ella, l&#8217;execuci\u00f3 ha de ser impecable. I si alguna cosa falla, ser\u00e0 xarxa, ser\u00e0 suport, ser\u00e0 soluci\u00f3. Creu que l&#8217;impacte real no arriba si no es comunica amb \u00e0nima. I aix\u00f2 \u00e9s exactament el que fa ella: traduir el prop\u00f2sit en paraules, en imatges, en accions que arriben i transformen. La Dunia escull amb intenci\u00f3 on posa la seva energia. Els projectes amb \u00e0nima la troben, i ella els transforma des de dins: cuidant els detalls, elevant el missatge i connectant les persones adequades perqu\u00e8 les coses passin. Treballa all\u00e0 on el prop\u00f2sit no \u00e9s una paraula de moda, sin\u00f3 una br\u00faixola.<\/p>\n<h5 style=\"text-align: justify;\"><strong>1. Com et defineixes quan ning\u00fa et mira?<\/strong><\/h5>\n<p style=\"text-align: justify;\">Soc una aquari de manual: lleial, inquieta, curiosa, sensible, creativa i tossuda -quan alguna cosa m&#8217;importa \ud83d\ude05-. M&#8217;atrauen els reptes, m&#8217;apassiona aprendre, descobrir i explorar noves idees. Valoro profundament l&#8217;amistat, i sempre intento fer la vida m\u00e9s f\u00e0cil a qui m&#8217;envolta. Em mou la just\u00edcia social, el benestar de les persones i el futur que deixarem als nostres fills\/es.<br \/>\n<span><\/span><\/p>\n<h5 style=\"text-align: justify;\"><strong>2. Quan penses en el teu talent, en all\u00f2 que aportes m\u00e9s enll\u00e0 del rol, en el que et fa \u00fanic\/a, qu\u00e8 diries que \u00e9s?<\/strong><\/h5>\n<p style=\"text-align: justify;\">M&#8217;encanten els reptes i no m&#8217;espanta el canvi. Tinc una habilitat innata per posar ordre en el caos, fer front als problemes i buscar solucions. Gaudeixo trossejant la complexitat en peces manejables i veient com encaixen. Crec que evolucionar i buscar sempre una millor versi\u00f3 de nosaltres \u00e9s imprescindible. Tamb\u00e9 m&#8217;apassiona l&#8217;organitzaci\u00f3, sobretot quan es tracta de crear moments \u00fanics per a les persones que m&#8217;envolten. En 15 minuts organitzo un sopar per a vint persones, i gaudeixo del proc\u00e9s!<\/p>\n<h5 style=\"text-align: justify;\"><strong>3. Quins valors regeixen la teva vida i com es manifesten en el teu dia a dia?<\/strong><\/h5>\n<p style=\"text-align: justify;\">La fam\u00edlia i l&#8217;amistat s\u00f3n el motor de la meva vida. S\u00f3n els qui impulsen tot el que faig! Crec en la for\u00e7a de la generositat, com a forma de retornar a la societat part del que he rebut, i fer-ho sempre acompanyada, perqu\u00e8 estic conven\u00e7uda que col\u00b7laborant SEMPRE s&#8217;arriba m\u00e9s lluny. M&#8217;agrada usar la frase de la suma m\u00e0gica d&#8217;\u201c1+1&gt;2\u201d, perqu\u00e8 quan es comparteix de veritat, es multiplica l&#8217;impacte i les possibilitats.<\/p>\n<h5 style=\"text-align: justify;\"><strong>4. Qu\u00e8 busques en el que fas, professionalment o personalment?<\/strong><\/h5>\n<p style=\"text-align: justify;\">Busco sentir-me realitzada i que la vida tingui sentit, m\u00e9s enll\u00e0 de la simple exist\u00e8ncia. Que el que faig deixi petjada i sumi per construir un m\u00f3n millor. Per a aix\u00f2, vull ser on es prenen les decisions i impulsar canvis reals. Sortir de la meva cambra de ress\u00f2, con\u00e8ixer persones que m&#8217;inspirin, de les quals pugui aprendre i a les quals tamb\u00e9 pugui ajudar. Tamb\u00e9 busco reconeixement per a l&#8217;economia social i per a les dones que, dia a dia, cuidem la nostra societat de manera invisibilitzada per\u00f2 imprescindible.<\/p>\n<h5 style=\"text-align: justify;\"><strong>5. Qu\u00e8 t&#8217;enamora, et mou, t&#8217;emociona?<\/strong><\/h5>\n<p style=\"text-align: justify;\">S\u00f3n moltes les coses que m&#8217;enamoren. Em motivo amb facilitat! \ud83e\udd23 Em fa feli\u00e7 cuidar les persones que estimo i amb les quals comparteixo la vida, creant espais segurs on puguin cr\u00e9ixer, realitzar-se i sentir-se felices. M&#8217;agrada pensar que les persones amb les quals em relaciono viuen una mica millor gr\u00e0cies a mi. Em fa feli\u00e7 viure en la &#8220;bellesa&#8221;: entorns que em transmeten pau, projectes que tinguin sentit, i moments en els quals em sento acompanyada i estimada. Em fa feli\u00e7 sentir que soc \u00fatil i ajudo altres persones. Pensar que el dia de dem\u00e0, quan ja no hi sigui, i alg\u00fa pensi en mi, se li il\u00b7lumini la cara i mostri un somriure.<\/p>\n<h5 style=\"text-align: justify;\"><strong>6. Qu\u00e8 detestes profundament?<\/strong><\/h5>\n<p style=\"text-align: justify;\">S\u00e9 que la veritat t\u00e9 diferents v\u00e8rtexs, i m&#8217;esfor\u00e7o per entendre i escoltar altres realitats, per\u00f2 detesto la mentida, l&#8217;egoisme i la manca d&#8217;empatia.<img loading=\"lazy\" decoding=\"async\" src=\"https:\/\/talentooculto.org\/cat\/wp-content\/uploads\/sites\/4\/2025\/10\/DUNIA4-Dunia-Rosello-204x300.jpg\" width=\"204\" height=\"300\" alt=\"\" class=\"wp-image-502 alignright size-medium\" \/><\/p>\n<h5 style=\"text-align: justify;\"><strong>7. Qu\u00e8 passa quan et veuen de veritat?<\/strong><\/h5>\n<p style=\"text-align: justify;\">Aix\u00f2 ho hauries de preguntar a altres persones, per\u00f2 m&#8217;agrada pensar que quan la gent em coneix de veritat, i descobreix que no tinc segones intencions, que la meva voluntat d&#8217;ajudar \u00e9s sincera i real, troben en mi una amiga de veritat.<\/p>\n<h5 style=\"text-align: justify;\"><strong>8. En quin tipus de decisions t&#8217;agrada ser?<\/strong><\/h5>\n<p style=\"text-align: justify;\">M&#8217;agrada ser on passen les coses, on es prenen les decisions i sentir que aporto valor real. M&#8217;atrauen els reptes, ajudar a resoldre tensions i crisis. Tinc la capacitat d&#8217;enfrontar-me a situacions complicades, amb la tempran\u00e7a suficient per analitzar-les amb perspectiva i buscar solucions.<\/p>\n<h5 style=\"text-align: justify;\"><strong>9. Quina mena de converses creus que falten a les empreses avui?<\/strong><\/h5>\n<p style=\"text-align: justify;\">Les dif\u00edcils, sobretot quan el que cal dir pot incomodar. Hi ha l\u00edders que prefereixen romandre en el seu status quo, sense voluntat de canvi. Quantes vegades he sentit \u201csi funciona, no ho toquis\u201d. El canvi pot fer por, per\u00f2 \u00e9s imprescindible per evolucionar i millorar. Perqu\u00e8 sempre es pot fer millor, no perqu\u00e8 abans es fes malament, sin\u00f3 perqu\u00e8 les coses evolucionen i \u00e9s important revisar-les cada cert temps. Tamb\u00e9 m&#8217;agradaria sentir m\u00e9s opinions dels equips. Encara que no siguis un expert\/a en la mat\u00e8ria, expressar la teva opini\u00f3 SEMPRE \u00e9s positiu: en el millor dels casos, aportar\u00e0 valor, i sin\u00f3, aprendr\u00e0 i podr\u00e0 fer el cam\u00ed per entendre la decisi\u00f3 adquirida.<\/p>\n<h5 style=\"text-align: justify;\"><strong>10. Qu\u00e8 \u00e9s alguna cosa valuosa que vas aprendre d&#8217;un frac\u00e0s?<\/strong><\/h5>\n<p style=\"text-align: justify;\">Vaig aprendre que del frac\u00e0s cal aixecar-se, donar-se un temps per assumir-ho, per\u00f2 despr\u00e9s, r\u00e0pidament, tornar a aixecar el cap i seguir! Amb un nou aprenentatge a la motxilla. Crec fermament que el frac\u00e0s \u00e9s part de l&#8217;aprenentatge. En la nostra cultura, moltes vegades el frac\u00e0s s&#8217;interpreta com una cosa dolenta, a amagar; mentre que en altres, com l&#8217;anglesa, s&#8217;ent\u00e9n des de la resili\u00e8ncia, com una etapa necess\u00e0ria per cr\u00e9ixer i millorar. En la meva traject\u00f2ria he comprovat que no hi ha bons o mals resultats, o bones o males persones. Hi ha perspectives i\/o persones en el lloc correcte o incorrecte. Tots els resultats serveixen, i totes les persones tenim una habilitat, la clau est\u00e0 a trobar-la i potenciar-la. Ho resumeix a la perfecci\u00f3 la frase: \u201cno pots jutjar un peix per la seva habilitat per enfilar-se a un arbre\u201d.<strong><\/strong><\/p>\n<h5 style=\"text-align: justify;\"><strong>11. Com saps que has aportat valor en un projecte o en una relaci\u00f3 professional?<br \/>\n<\/strong><\/h5>\n<p style=\"text-align: justify;\">Soc molt exigent, sobretot amb mi mateixa, i em costa sostenir l&#8217;elogi. Ho agraeixo de cor, per\u00f2 de vegades sento que no soc mereixedora, que el que faig ho podria fer qualsevol. Per\u00f2 sento que he aportat valor quan veig un impacte positiu en l&#8217;altra persona, quan les persones que treballen amb mi senten que poden cr\u00e9ixer al meu costat. Sento que faig b\u00e9 la meva feina quan alg\u00fa arriba a mi amb una pregunta, un dubte o una idea vaga, i l&#8217;ajudo a ordenar pensaments i a trobar solucions que li permetin avan\u00e7ar. Tamb\u00e9 m&#8217;agrada veure com, passat un temps, alguna cosa que vaig impulsar segueix funcionant i millorant, fins i tot sense mi.<\/p>\n<h5 style=\"text-align: justify;\"><strong>12. Si haguessis de triar una frase famosa que et representi, quina seria?<\/strong><\/h5>\n<p style=\"text-align: justify;\">M&#8217;encanten les frases!! I en tinc moltes, que utilitzo constantment, per\u00f2 m&#8217;encanta la f\u00f3rmula de Victor K\u00fcppers &#8220;(c+h)*a&#8221;: en la qual els coneixements i les habilitats sumen, perqu\u00e8 s\u00f3n importants, per\u00f2 l&#8217;actitud, multiplica, perqu\u00e8 \u00e9s el que realment marca la difer\u00e8ncia. Les cartes venen donades, per\u00f2 som nosaltres els qui decidim com jugar-les. Aix\u00f2 ens col\u00b7loca al centre de l&#8217;acci\u00f3 i ens recorda que sempre tenim marge per triar el rumb que volem prendre.<\/p>\n<h5 style=\"text-align: justify;\"><strong>13. Qu\u00e8 t&#8217;agradaria explorar o construir en aquesta etapa de la teva vida?<\/strong><\/h5>\n<p style=\"text-align: justify;\">M&#8217;encanta el que faig i ara, amb 50 anys i comen\u00e7ant la segona meitat de la meva vida \ud83d\ude09, em sento molt realitzada i crec que estic en el meu millor moment. M&#8217;adono que la s\u00edndrome de la impostora sempre ha estat present en la meva vida, i -el pitjor- \u00e9s que no n&#8217;era conscient. Sempre he estat a l&#8217;ombra, en part perqu\u00e8 creia que no m&#8217;ho mereixia. Ara em veig amb la for\u00e7a i l&#8217;experi\u00e8ncia per sumar projectes i visibilitzar-los.<\/p>\n<h5 style=\"text-align: justify;\"><strong>14. Si poguessis escriure una frase que alg\u00fa record\u00e9s de tu d&#8217;aqu\u00ed a 10 anys, quina seria?<\/strong><\/h5>\n<p style=\"text-align: justify;\">No puc creure que quan marxem, boom, ja est\u00e0, s&#8217;ha acabat\u2026 Per aix\u00f2 vull pensar que ning\u00fa marxa del tot, mentre alg\u00fa el segueix recordant, aix\u00ed que m&#8217;encantaria que quan ja no hi sigui, simplement em recordin, i que quan ho facin, se&#8217;ls il\u00b7lumini la cara, somriguin i pensin \u201csempre va estar on i quan la vaig necessitar\u201d.<\/p>\n<p>[\/et_pb_text][et_pb_button button_url=&#8221;https:\/\/www.linkedin.com\/in\/duniarosello\/&#8221; button_text=&#8221;PERFIL DE LINKEDIN&#8221; _builder_version=&#8221;4.27.4&#8243; _module_preset=&#8221;default&#8221; custom_button=&#8221;on&#8221; button_text_color=&#8221;#FFFFFF&#8221; button_border_radius=&#8221;30px&#8221; button_font=&#8221;Inter|||on|||||&#8221; button_use_icon=&#8221;off&#8221; global_colors_info=&#8221;{}&#8221;][\/et_pb_button][et_pb_text _builder_version=&#8221;4.27.4&#8243; _module_preset=&#8221;default&#8221; global_colors_info=&#8221;{}&#8221;]<\/p>\n<p><span style=\"color: #ffffff;\">Suara<\/span><\/p>\n<p>&nbsp;<\/p>\n<p>[\/et_pb_text][et_pb_text _builder_version=&#8221;4.27.4&#8243; _module_preset=&#8221;default&#8221; hover_enabled=&#8221;0&#8243; global_colors_info=&#8221;{}&#8221; custom_margin=&#8221;||-1px|||&#8221; sticky_enabled=&#8221;0&#8243;]<\/p>\n<p><span style=\"color: #ffffff;\"><strong>Impacte | Comunicaci\u00f3 | Marketing | Servei<\/strong><\/span><\/p>\n<p>[\/et_pb_text][\/et_pb_column][\/et_pb_row][\/et_pb_section]<\/p>\n","protected":false},"excerpt":{"rendered":"<p>Dunia Rosell\u00f3&#8221;Sempre va estar on i quan la vaig necessitar\u201d.Amb la Dunia t&#8217;enamores des del primer moment. T\u00e9 aquella calidesa que ho embolcalla tot i una manera natural de fer que tot flueixi, de fer que tot sigui m\u00e9s f\u00e0cil. Ajudar \u00e9s al seu ADN, i ho porta a cada rac\u00f3 de la seva vida: [&hellip;]<\/p>\n","protected":false},"author":2,"featured_media":0,"parent":0,"menu_order":0,"comment_status":"closed","ping_status":"closed","template":"","meta":{"_et_pb_use_builder":"on","_et_pb_old_content":"","_et_gb_content_width":"","footnotes":""},"class_list":["post-380","page","type-page","status-publish","hentry"],"_links":{"self":[{"href":"https:\/\/talentooculto.org\/cat\/wp-json\/wp\/v2\/pages\/380","targetHints":{"allow":["GET"]}}],"collection":[{"href":"https:\/\/talentooculto.org\/cat\/wp-json\/wp\/v2\/pages"}],"about":[{"href":"https:\/\/talentooculto.org\/cat\/wp-json\/wp\/v2\/types\/page"}],"author":[{"embeddable":true,"href":"https:\/\/talentooculto.org\/cat\/wp-json\/wp\/v2\/users\/2"}],"replies":[{"embeddable":true,"href":"https:\/\/talentooculto.org\/cat\/wp-json\/wp\/v2\/comments?post=380"}],"version-history":[{"count":8,"href":"https:\/\/talentooculto.org\/cat\/wp-json\/wp\/v2\/pages\/380\/revisions"}],"predecessor-version":[{"id":552,"href":"https:\/\/talentooculto.org\/cat\/wp-json\/wp\/v2\/pages\/380\/revisions\/552"}],"wp:attachment":[{"href":"https:\/\/talentooculto.org\/cat\/wp-json\/wp\/v2\/media?parent=380"}],"curies":[{"name":"wp","href":"https:\/\/api.w.org\/{rel}","templated":true}]}}