{"id":78,"date":"2025-10-09T07:58:42","date_gmt":"2025-10-09T07:58:42","guid":{"rendered":"https:\/\/talentooculto.org\/cat\/?page_id=78"},"modified":"2025-12-12T07:38:58","modified_gmt":"2025-12-12T07:38:58","slug":"manifest","status":"publish","type":"page","link":"https:\/\/talentooculto.org\/cat\/manifest\/","title":{"rendered":"Manifest"},"content":{"rendered":"<p>[et_pb_section fb_built=&#8221;1&#8243; disabled_on=&#8221;off|off|off&#8221; admin_label=&#8221;Header &#038; Video&#8221; _builder_version=&#8221;4.27.4&#8243; _module_preset=&#8221;8e335abc-fa5a-4633-aeb2-60c0d40d85d5&#8243; background_color=&#8221;#0C71C3&#8243; use_background_color_gradient=&#8221;on&#8221; background_color_gradient_stops=&#8221;#a0a4a3 36%|#b63412 61%&#8221; custom_margin=&#8221;||||false|false&#8221; locked=&#8221;off&#8221; collapsed=&#8221;on&#8221; global_colors_info=&#8221;{%22gcid-1f1bf5fb-a99d-4acc-8d9e-ddac074c158c%22:%91%22background_color_gradient_stops%22,%22background_color_gradient_stops%22,%22background_color_gradient_stops%22%93,%22gcid-a78660e1-cfc7-4771-a566-6834d6a7f06a%22:%91%22background_color_gradient_stops%22,%22background_color_gradient_stops%22,%22background_color_gradient_stops%22%93,%22gcid-24b0db87-dafa-47d9-995f-b90181e18c52%22:%91%22background_color_gradient_stops%22,%22background_color_gradient_stops%22,%22background_color_gradient_stops%22%93}&#8221;][et_pb_row _builder_version=&#8221;4.25.1&#8243; _module_preset=&#8221;default&#8221; global_colors_info=&#8221;{}&#8221;][et_pb_column type=&#8221;4_4&#8243; _builder_version=&#8221;4.25.1&#8243; _module_preset=&#8221;default&#8221; global_colors_info=&#8221;{}&#8221;][et_pb_image src=&#8221;https:\/\/talentooculto.org\/cat\/wp-content\/uploads\/sites\/4\/2025\/10\/Artboard-11-copy@2x.png&#8221; title_text=&#8221;Artboard 11 copy@2x&#8221; align=&#8221;center&#8221; _builder_version=&#8221;4.27.4&#8243; _module_preset=&#8221;default&#8221; max_height=&#8221;342px&#8221; custom_padding=&#8221;||1px|||&#8221; global_colors_info=&#8221;{}&#8221;][\/et_pb_image][et_pb_heading title=&#8221;Manifest&#8221; _builder_version=&#8221;4.27.4&#8243; _module_preset=&#8221;0fa2b6d6-30b2-4168-a6f1-87f0a0e7772c&#8221; title_font=&#8221;Inter|500||on|||||&#8221; title_text_color=&#8221;#FFFFFF&#8221; custom_margin=&#8221;||10px||false|false&#8221; global_colors_info=&#8221;{}&#8221;][\/et_pb_heading][et_pb_text _builder_version=&#8221;4.27.4&#8243; _module_preset=&#8221;61aa803a-4080-47e4-b881-684dc663b49a&#8221; text_line_height=&#8221;1.3em&#8221; header_font=&#8221;Inter||||||||&#8221;]<span style=\"font-weight: 400;\">Sempre m&#8217;ha sortit natural fer brillar els altres. Connectar persones, descobrir talents, crear espais on cadasc\u00fa pugui mostrar-se tal com \u00e9s.<\/span><\/p>\n<p><span style=\"font-weight: 400;\">Al llarg dels anys he impulsat moltes iniciatives per a aix\u00f2, per\u00f2 gaireb\u00e9 sempre en cercles \u00edntims, entre persones que formaven part de la meva xarxa.<\/span><\/p>\n<p><span style=\"font-weight: 400;\">Amb<\/span><i><span style=\"font-weight: 400;\">TalentoOculto<\/span><\/i><span style=\"font-weight: 400;\"> vull anar m\u00e9s enll\u00e0, neix amb un prop\u00f2sit doble:<\/span><\/p>\n<p><span style=\"font-weight: 400;\">&#8211;<\/span><span style=\"font-weight: 400;\">Vull que persones meravelloses \u2014encara que encara no siguin visibles\u2014 puguin ser descobertes. Que persones trobin el seu lloc perqu\u00e8 es reconeixen en una altra hist\u00f2ria. Perqu\u00e8 alg\u00fa les nomena. Perqu\u00e8 es fan les preguntes adequades. Perqu\u00e8 de vegades nom\u00e9s necessitem que alg\u00fa ens vegi, per veure&#8217;ns nosaltres tamb\u00e9.<\/span><\/p>\n<p><span style=\"font-weight: 400;\">&#8211;<\/span><span style=\"font-weight: 400;\">Ajudar a persones a recon\u00e8ixer el seu lloc, aquell que de vegades ni una mateixa veu.<\/span><\/p>\n<p><span style=\"font-weight: 400;\">Perqu\u00e8 el talent no sempre t\u00e9 t\u00edtol, ni c\u00e0rrec, ni curr\u00edculum brillant. <\/span><span style=\"font-weight: 400;\"><br \/>\n<\/span><span style=\"font-weight: 400;\"> El talent moltes vegades \u00e9s invisible, fins i tot per a qui el porta a dins.<\/span><span style=\"font-weight: 400;\"><br \/>\n<\/span><span style=\"font-weight: 400;\">Per\u00f2 quan trobes el teu lloc, i els altres tamb\u00e9 el veuen,<\/span><b> llavors tot canvia<\/b><span style=\"font-weight: 400;\">.<\/span><\/p>\n<p><span style=\"font-weight: 400;\">Com diu la meva amiga Arancha Ruiz, &#8220;quan els altres coneixen la teva identitat i el teu valor, no \u00e9s vanitat: \u00e9s generositat. Perqu\u00e8 nom\u00e9s aix\u00ed passen coses.&#8221;<\/span><\/p>\n<p><span style=\"font-weight: 400;\">Crec profundament en aix\u00f2. I per aix\u00f2 neix aquest projecte: perqu\u00e8 molts <\/span><i><span style=\"font-weight: 400;\">talents ocults<\/span><\/i><span style=\"font-weight: 400;\"> puguin brillar i col\u00b7laborar. Perqu\u00e8 quan ens veiem de veritat, quan compartim des de l&#8217;aut\u00e8ntic, tot canvia.<\/span><\/p>\n<p><span style=\"font-weight: 400;\">Aquest projecte \u00e9s aix\u00f2: un acte de generositat col\u00b7lectiva. <\/span><span style=\"font-weight: 400;\"><br \/>\n<\/span><span style=\"font-weight: 400;\"> Perqu\u00e8 molts talents ocults brillin. <\/span><span style=\"font-weight: 400;\"><br \/>\n<\/span><span style=\"font-weight: 400;\"> Perqu\u00e8 puguem veure&#8217;ns reflectides en altres.<\/span><span style=\"font-weight: 400;\"><br \/>\n<\/span><span style=\"font-weight: 400;\"> Perqu\u00e8 ens fem les preguntes adequades.<\/span><span style=\"font-weight: 400;\"><br \/>\n<\/span><span style=\"font-weight: 400;\"> I perqu\u00e8 all\u00f2 que som, realment, tingui l&#8217;espai que mereix.<\/span>[\/et_pb_text][et_pb_image src=&#8221;https:\/\/talentooculto.org\/cat\/wp-content\/uploads\/sites\/4\/2025\/12\/Helena-Torras.png-white-high-res-scaled.png&#8221; _builder_version=&#8221;4.27.4&#8243; _module_preset=&#8221;default&#8221; title_text=&#8221;Helena-Torras.png-white-high-res&#8221; width=&#8221;20%&#8221; max_width=&#8221;35%&#8221; hover_enabled=&#8221;0&#8243; sticky_enabled=&#8221;0&#8243;][\/et_pb_image][\/et_pb_column][\/et_pb_row][et_pb_row _builder_version=&#8221;4.27.4&#8243; _module_preset=&#8221;default&#8221; global_colors_info=&#8221;{}&#8221;][et_pb_column type=&#8221;4_4&#8243; _builder_version=&#8221;4.27.4&#8243; _module_preset=&#8221;default&#8221; global_colors_info=&#8221;{}&#8221;][et_pb_video src=&#8221;https:\/\/talentooculto.org\/cat\/wp-content\/uploads\/sites\/4\/2025\/10\/Into_TalentoOculto_Pieza-Corta_Highlights_16-9_v2.mp4&#8243; image_src=&#8221;https:\/\/talentooculto.org\/cat\/wp-content\/uploads\/sites\/4\/2025\/10\/Tambien_hacer-brillar.jpg&#8221; _builder_version=&#8221;4.27.4&#8243; _module_preset=&#8221;default&#8221; border_radii=&#8221;on|30px|30px|30px|30px&#8221; global_colors_info=&#8221;{}&#8221;][\/et_pb_video][\/et_pb_column][\/et_pb_row][\/et_pb_section]<\/p>\n","protected":false},"excerpt":{"rendered":"<p>Sempre m&#8217;ha sortit natural fer brillar els altres. Connectar persones, descobrir talents, crear espais on cadasc\u00fa pugui mostrar-se tal com \u00e9s. Al llarg dels anys he impulsat moltes iniciatives per a aix\u00f2, per\u00f2 gaireb\u00e9 sempre en cercles \u00edntims, entre persones que formaven part de la meva xarxa. AmbTalentoOculto vull anar m\u00e9s enll\u00e0, neix amb un [&hellip;]<\/p>\n","protected":false},"author":2,"featured_media":0,"parent":0,"menu_order":0,"comment_status":"closed","ping_status":"closed","template":"","meta":{"_et_pb_use_builder":"on","_et_pb_old_content":"","_et_gb_content_width":"","footnotes":""},"class_list":["post-78","page","type-page","status-publish","hentry"],"_links":{"self":[{"href":"https:\/\/talentooculto.org\/cat\/wp-json\/wp\/v2\/pages\/78","targetHints":{"allow":["GET"]}}],"collection":[{"href":"https:\/\/talentooculto.org\/cat\/wp-json\/wp\/v2\/pages"}],"about":[{"href":"https:\/\/talentooculto.org\/cat\/wp-json\/wp\/v2\/types\/page"}],"author":[{"embeddable":true,"href":"https:\/\/talentooculto.org\/cat\/wp-json\/wp\/v2\/users\/2"}],"replies":[{"embeddable":true,"href":"https:\/\/talentooculto.org\/cat\/wp-json\/wp\/v2\/comments?post=78"}],"version-history":[{"count":23,"href":"https:\/\/talentooculto.org\/cat\/wp-json\/wp\/v2\/pages\/78\/revisions"}],"predecessor-version":[{"id":558,"href":"https:\/\/talentooculto.org\/cat\/wp-json\/wp\/v2\/pages\/78\/revisions\/558"}],"wp:attachment":[{"href":"https:\/\/talentooculto.org\/cat\/wp-json\/wp\/v2\/media?parent=78"}],"curies":[{"name":"wp","href":"https:\/\/api.w.org\/{rel}","templated":true}]}}